he remainder when 41267 is divided by 10.
7
Calculate the remainder when 82259 is divided by 324.
287
What is the remainder when 637 is divided by 134?
101
Calculate the remainder when 322686 is divided by 972.
954
Calculate the remainder when 139484 is divided by 172.
164
Calculate the remainder when 5815 is divided by 358.
87
Calculate the remainder when 725759 is divided by 840.
839
Calculate the remainder when 70192 is divided by 23388.
28
Calculate the remainder when 7792 is divided by 976.
960
Calculate the remainder when 1241 is divided by 69.
68
What is the remainder when 10954 is divided by 344?
290
Calculate the remainder when 15061 is divided by 7513.
35
What is the remainder when 1664 is divided by 204?
32
Calculate the remainder when 112339 is divided by 3036.
7
What is the remainder when 14567 is divided by 4852?
11
What is the remainder when 1887 is divided by 67?
11
What is the remainder when 40189 is divided by 2509?
45
What is the remainder when 3939 is divided by 1051?
786
What is the remainder when 3476 is divided by 1640?
196
What is the remainder when 630 is divided by 378?
252
What is the remainder when 90797 is divided by 90792?
5
Calculate the remainder when 2409 is divided by 65.
4
What is the remainder when 227891 is divided by 4?
3
Calculate the remainder when 26980 is divided by 13478.
24
Calculate the remainder when 5538 is divided by 567.
435
What is the remainder when 7021 is divided by 48?
13
Calculate the remainder when 324833 is divided by 193.
14
What is the remainder when 4102 is divided by 1243?
373
Calculate the remainder when 6264 is divided by 801.
657
What is the remainder when 683 is divided by 493?
190
Calculate the remainder when 533 is divided by 142.
107
Calculate the remainder when 840187 is divided by 840182.
5
What is the remainder when 17574 is divided by 265?
84
Calculate the remainder when 48317 is divided by 13.
9
What is the remainder when 3664 is divided by 1072?
448
What is the remainder when 29962 is divided by 3688?
458
Calculate the remainder when 1179631 is divided by 14.
5
What is the remainder when 114378 is divided by 266?
264
What is the remainder when 1474 is divided by 1156?
318
Calculate the remainder when 317448 is divided by 7.
5
What is the remainder when 4146 is divided by 4005?
141
Calculate the remainder when 33147 is divided by 129.
123
What is the remainder when 51510 is divided by 94?
92
What is the remainder when 33171 is divided by 65?
21
What is the remainder when 5586 is divided by 464?
18
What is the remainder when 71342 is divided by 35667?
8
Calculate the remainder when 703090 is divided by 197.
194
What is the remainder when 21653 is divided by 1917?
566
Calculate the remainder when 64369 is divided by 93.
13
Calculate the remainder when 6880 is divided by 6726.
154
What is the remainder when 156187 is divided by 17354?
1
What is the remainder when 1546148 is divided by 5?
3
Calculate the remainder when 47615 is divided by 85.
15
Calculate the remainder when 677332 is divided by 63.
19
Calculate the remainder when 92137 is divided by 20.
17
What is the remainder when 14000 is divided by 44?
8
Calculate the remainder when 103258 is divided by 31.
28
What is the remainder when 13862 is divided by 4577?
131
What is the remainder when 2526 is divided by 40?
6
Calculate the remainder when 1623 is divided by 473.
204
Calculate the remainder when 307979 is divided by 45.
44
Calculate the remainder when 101644 is divided by 26.
10
Calculate the remainder when 87877 is divided by 3511.
102
What is the remainder when 217397 is divided by 5?
2
What is the remainder when 5079 is divided by 2539?
1
What is the remainder when 5757 is divided by 2460?
837
What is the remainder when 66027 is divided by 6001?
16
What is the remainder when 2341 is divided by 336?
325
Calculate the remainder when 5716 is divided by 10.
6
What is the remainder when 2955 is divided by 293?
25
Calculate the remainder when 4032 is divided by 2013.
6
Calculate the remainder when 9712 is divided by 3.
1
Calculate the remainder when 6465710 is divided by 22.
20
Calculate the remainder when 190943 is divided by 52.
51
Calculate the remainder when 524579 is divided by 26.
3
Calculate the remainder when 8351 is divided by 96.
95
What is the remainder when 3199102 is divided by 79?
76
Calculate the remainder when 165 is divided by 5.
0
What is the remainder when 6786 is divided by 2258?
12
Calculate the remainder when 1580 is divided by 518.
26
Calculate the remainder when 22775 is divided by 11387.
1
What is the remainder when 37397 is divided by 68?
65
What is the remainder when 123839 is divided by 420?
359
What is the remainder when 1336821 is divided by 4?
1
Calculate the remainder when 29666 is divided by 223.
7
What is the remainder when 10555 is divided by 1312?
59
Calculate the remainder when 111623 is divided by 1993.
15
What is the remainder when 60691 is divided by 131?
38
What is the remainder when 411496 is divided by 6?
4
What is the remainder when 17256 is divided by 719?
0
What is the remainder when 191 is divided by 84?
23
Calculate the remainder when 13445 is divided by 198.
179
What is the remainder when 2808 is divided by 216?
0
Calculate the remainder when 1108 is divided by 505.
98
What is the remainder when 5564 is divided by 160?
124
Calculate the remainder when 13869 is divided by 917.
114
Calculate the remainder when 87448 is divided by 50.
48
What is the remainder when 12742 is divided by 80?
22
Calculate the remainder when 1754 is divided by 105.
74
What is the remainder when 24175 is divided by 237?
1
Calculate the remainder when 2630 is divided by 3.
2
What is the remainder when 284283 is divided by 35532?
27
What is the remainder when 313903 is divided by 92?
91
What is the remainder when 159289 is divided by 19?
12
Calculate the remainder when 1525050 is divided by 599.
595
Calculate the remainder when 39079 is divided by 362.
345
Calculate the remainder when 13971 is divided by 343.
251
Calculate the remainder when 10538 is divided by 4463.
1612
What is the remainder when 10903 is divided by 318?
91
What is the remainder when 21173 is divided by 181?
177
What is the remainder when 483567 is divided by 243?
240
Calculate the remainder when 83392 is divided by 50.
42
Calculate the remainder when 3178 is divided by 12.
10
Calculate the remainder when 610 is divided by 92.
58
Calculate the remainder when 615087 is divided by 101.
98
Calculate the remainder when 251684 is divided by 202.
194
What is the remainder when 5737 is divided by 458?
241
What is the remainder when 81021 is divided by 167?
26
What is the remainder when 49171 is divided by 177?
142
Calculate the remainder when 65110 is divided by 319.
34
What is the remainder when 14690961 is divided by 318?
315
Calculate the remainder when 656 is divided by 14.
12
Calculate the remainder when 7899 is divided by 83.
14
Calculate the remainder when 4751 is divided by 317.
313
Calculate the remainder when 6429 is divided by 6422.
7
What is the remainder when 5524 is divided by 1030?
374
What is the remainder when 3331 is divided by 564?
511
Calculate the remainder when 306221 is divided by 106.
93
What is the remainder when 14319 is divided by 7116?
87
What is the remainder when 21082 is divided by 20938?
144
What is the remainder when 127680 is divided by 22?
14
Calculate the remainder when 126468 is divided by 25.
18
What is the remainder when 163263 is divided by 51?
12
Calculate the remainder when 34892 is divided by 228.
8
What is the remainder when 28160 is divided by 9380?
20
Calculate the remainder when 1226397 is divided by 24.
21
What is the remainder when 46225 is divided by 66?
25
What is the remainder when 9636 is divided by 193?
179
What is the remainder when 5130 is divided by 246?
210
Calculate the remainder when 1085686 is divided by 151.
147
Calculate the remainder when 40047 is divided by 120.
87
Calculate the remainder when 42398 is divided by 8477.
13
Calculate the remainder when 37838 is divided by 9438.
86
Calculate the remainder when 12987 is divided by 203.
198
What is the remainder when 2013 is divided by 2006?
7
What is the remainder when 1333835 is divided by 1422?
1421
Calculate the remaind